rime factors of f.
5, 619
Let y(a) = 33*a**2 - 36*a + 21. What are the prime factors of y(5)?
2, 3, 37
Suppose -5*y = q - 2*q - 8, 4*q - 2 = 3*y. Let z = y - 0. List the prime factors of -4 + 8 - -3 - z.
5
Suppose 7250 = -41*g + 46*g. List the prime factors of g.
2, 5, 29
List the prime factors of (6/1)/(9/855).
2, 3, 5, 19
Suppose -2*y + 4 = -0*y. Suppose -4*x = -0*x + j - 114, j - y = 0. List the prime factors of x.
2, 7
Suppose 69 + 52 = 4*a + 5*x, -3*x = -a + 9. Suppose -g = g - a. What are the prime factors of g/(-16) + 206/8?
5
Suppose 2*t + h = 3*t - 43, t - 19 = -5*h. What are the prime factors of t?
3, 13
Let b(p) = 8 + 22*p**3 - 11*p - 7*p**3 - 4*p**2 - 14*p**3. List the prime factors of b(7).
2, 3, 13
Suppose -3*n + 10 - 1 = -2*t, 0 = 2*t - 4*n + 12. List the prime factors of t + 6/(-2) - -52.
7
What are the prime factors of -2*2/14 + (-11052)/(-21)?
2, 263
Let i be 492/16 + 1/4. Let c = -45 + i. Let p = -5 - c. List the prime factors of p.
3
Let s(p) = -4495*p**3 + 33*p + 32. What are the prime factors of s(-1)?
2, 3, 7, 107
Let k(r) = -22*r + 3. Let u = -64 - -62. What are the prime factors of k(u)?
47
Suppose 3*r - 512 = -r. Suppose 3*u = 4*k + 143, 4*k = 3*u + 3*k - r. List the prime factors of u.
41
Let x = 498 - -1636. What are the prime factors of x?
2, 11, 97
Suppose 11*f - 20 = 7*f. Suppose 5*v = 5*x + 30, 4*x = -5*v - f - 1. Suppose -5*j + v*r = -j - 164, j = r + 40. List the prime factors of j.
2, 3, 7
Let k = -1042 - -1439. What are the prime factors of k?
397
Let p = -1030 - -1652. What are the prime factors of p?
2, 311
Let w = 35 - 31. What are the prime factors of ((-7)/w + 1)/(4/(-80))?
3, 5
Suppose -i - i - b = 2, -4*b - 8 = -5*i. Suppose -5*d + 4 = -l, i*l + l - 14 = -d. Suppose -g + l + 1 = 0. List the prime factors of g.
2, 3
Let w(h) be the third derivative of -h**4/8 - 17*h**3/6 + 6*h**2. Let l be w(-7). Suppose l*a = 78 + 174. List the prime factors of a.
3, 7
Let i be (-84)/(-22) + 6/33. Suppose 0 = -i*x + 2*x + 88. What are the prime factors of x?
2, 11
Let c(t) = 15*t**2 + t - 3. Let b be 3 + ((-8)/(-1))/4. Suppose -b*q - 3*f = -4*q + 17, 23 = q - 5*f. List the prime factors of c(q).
5, 11
List the prime factors of ((-6)/(-9) + -1)/(2/(-2034)).
3, 113
Let u(g) = 14*g**2 + 2*g. Let f be u(1). Suppose -k = k - f. Let v(x) = -x + 10. List the prime factors of v(k).
2
Suppose -61 = 2*l + 157. Let v = 74 + l. Let f = -16 - v. What are the prime factors of f?
19
Suppose 3*g = 815 + 496. List the prime factors of g.
19, 23
Let v(g) = -111*g + 0*g**2 + 108*g + 3 + 2*g**2. What are the prime factors of v(9)?
2, 3, 23
Let t = 520 - 297. What are the prime factors of t?
223
Let z(w) = 6*w**2 + 16*w + 3. List the prime factors of z(-8).
7, 37
Let d(p) = -2*p + 6. Let n be d(15). Let h = 164 - 98. Let b = n + h. What are the prime factors of b?
2, 3, 7
Suppose 1 = -s + 5. Suppose 318 - 10 = s*v. List the prime factors of v.
7, 11
Suppose 1833 = 10*c - 187. What are the prime factors of c?
2, 101
Let b(p) = -p**3 + 19*p**2 + 4. Let g = 21 - 33. Let n be -3*(40/g - 3). What are the prime factors of b(n)?
2
List the prime factors of -6395*(60/25)/(-6).
2, 1279
List the prime factors of (-2)/6 + 2120/15.
3, 47
Let f(q) = 5*q - 21. Suppose -5*s + 6*s - 8 = 0. What are the prime factors of f(s)?
19
Let c = 20 - 18. Suppose c*b - 952 = -6*b. What are the prime factors of b?
7, 17
Let z = -222 + 473. What are the prime factors of z?
251
Suppose 0 = -10*n + 6*n - 28. Let g be 2/(-7) - 863/n. Suppose 4*p - g - 65 = 0. List the prime factors of p.
47
Suppose 0 = 2*y + y + 5*z - 251, 5*y = 2*z + 408. What are the prime factors of y?
2, 41
Let y be (8/10)/(17/5 - 3). Suppose 0 = 4*x - 0*x, -y*x + 34 = 2*a. List the prime factors of a.
17
Let u = 14 + -14. Suppose u = -2*a - 5*p + 105, 5*p = -7*a + 2*a + 240. List the prime factors of a.
3, 5
Let x(l) = -8*l**2. Let y(z) = -8*z**2 + z - 1. Let m be (-3 + 2)/((-1)/3). Let j(a) = m*y(a) - 4*x(a). What are the prime factors of j(2)?
5, 7
List the prime factors of ((-39)/3)/(7/(-553)).
13, 79
List the prime factors of ((-291)/(-12))/(((-18)/48)/(-3)).
2, 97
Let y(s) = 5*s**2 + 4*s - 6. Let u be y(5). Let n = u + -106. What are the prime factors of n?
3, 11
Suppose 2*q = -2*v - v - 19, -5*q + 5 = -3*v. What are the prime factors of (1 - 111)/q - -2?
3, 19
Suppose 5*m - 23 = -4*u + 33, m = 2*u - 14. Suppose -u*n + 2178 = -783. What are the prime factors of n?
7, 47
Suppose -3*y - 86 = -4*j, 2*j + 2*j - y - 82 = 0. Let x be (-59)/5 + (-4)/j. List the prime factors of 11/2*x/(-3).
2, 11
Suppose -13*a + 336 = -6*a. Suppose -u + a = -4*n, -3*u - 85 + 293 = 4*n. List the prime factors of u.
2
Let t be (4/6)/(9/(-27)). Let m be t/(-1 + 0 + 2). What are the prime factors of (m + 1)/((-2)/26)?
13
Let l be 18/(-12)*16/(-3). List the prime factors of 774/l - 14/(-56).
97
Let u(g) be the first derivative of 2/3*g**3 - 9 - g**2 + 10*g. What are the prime factors of u(5)?
2, 5
Let h = 229 - 8. What are the prime factors of h?
13, 17
Suppose 808*p = 814*p - 10308. List the prime factors of p.
2, 859
Suppose 13 + 92 = 5*k. Suppose 2*j = 5*q - 13, -q + 2 = 5*j + k. Suppose 0 = d + 2*h - q, 5*d - 20 - 40 = h. What are the prime factors of d?
11
List the prime factors of ((-1504)/(-5))/((-35)/(-175)).
2, 47
List the prime factors of -1*(52/(-12))/(3/261).
13, 29
Let p(l) = 3*l + 8. Let d be p(-11). What are the prime factors of (-10)/d + 133/5?
3
Let l(s) = -2*s**2 + 10*s + 6. Let n be l(3). Suppose -3*m - 5*v + n + 21 = 0, v + 3 = 0. What are the prime factors of m?
2, 3
Let i(g) = 201*g + 25. Let t be i(5). Suppose 5*h = 5*z + t, 5*z - 890 = -4*h - 75. List the prime factors of h.
5, 41
Let x(i) = -16*i - 9. Suppose 27*f - 12 = 30*f. List the prime factors of x(f).
5, 11
Let v(b) = b**2 + 6*b - 15. Let g(y) = -y**2 - 5*y + 15. Let t(w) = -4*g(w) - 3*v(w). List the prime factors of t(-11).
2, 3, 7
What are the prime factors of 1962/4 - 8/16?
2, 5, 7
Let y(r) = -r - 3. Let p be y(-5). Suppose -p*z - 3*z + 40 = 0. Let s = z - 4. What are the prime factors of s?
2
What are the prime factors of (-320 + -1)/((-123)/410)?
2, 5, 107
Let z(g) = 5*g**2 - g - 11. Let d be z(-7). Let p = d - 170. What are the prime factors of p?
71
Suppose 0 = 5*x - 3*s - 2197, -11 = 3*s + 1. What are the prime factors of x?
19, 23
List the prime factors of 0 - (132/5)/((-42)/1820).
2, 11, 13
Let d = 243 - 410. Let n = -90 - d. What are the prime factors of n?
7, 11
Let t(u) be the third derivative of 1/6*u**4 + 0*u + 0 + 2/3*u**3 + 2*u**2. What are the prime factors of t(3)?
2
Suppose -u + 764 = 4*t + 3*u, 2*t - u = 391. List the prime factors of t.
2, 97
Let x = 12 - -8. Let j = 21 - x. List the prime factors of (j + 0)*(8 - -31).
3, 13
Let r(w) = -32*w + 14. Let u be r(-5). Suppose 3*t = 3*h - u, -h - 284 = 5*t - 4*h. Let x = t - -82. What are the prime factors of x?
3
Suppose -5*l - 271 = -t - 1496, 3*l - 743 = -t. Suppose -12*s = -15*s + l. What are the prime factors of s?
2, 41
Let b = 450 + 3982. List the prime factors of b.
2, 277
List the prime factors of 2450/20*(0 - -6).
3, 5, 7
Let t(o) = 48*o + 23 + 17 + 26 - 51. List the prime factors of t(2).
3, 37
Let f be 1*18/(-1)*-1 - 2. Suppose 12*d + 292 = f*d. What are the prime factors of d?
73
Let m(v) = 9*v**2 - 20*v**2 + 10*v**2 - 23 + 18*v. What are the prime factors of m(11)?
2, 3
List the prime factors of (-290)/(-4)*(2 - 24/20).
2, 29
Let s(x) = 226*x**3 + x**2 + 4*x - 4. Let y be s(1). Suppose -3*n + 2*r = 5 - 329, -5*r - y = -2*n. List the prime factors of n.
2, 53
Let j(c) = -22*c - 47. Suppose o - 22 = -3*a + 5*a, o = 0. List the prime factors of j(a).
3, 5, 13
Let o(k) = 2*k**2 - 9*k - 3. Let f(p) = p**3 - p**2 + 4*p - 5. Let a be f(2). List the prime factors of o(a).
2
What are the prime factors of 10*(-8)/((-16)/49)?
5, 7
Suppose -3*i + 6 = -3*t, -4*i = 4*t - 11 + 35. What are the prime factors of 14/(-4)*224/t?
2, 7
Let p(t) = 2*t**3 - 6*t**2 - 13*t + 9. List the prime factors of p(10).
1279
Suppose 4*i + 5*r - 18 = 3*i, 5*r = 4*i + 3. Suppose i*k - 59 = 2*k. What are the prime factors of k?
59
Let s be (-6)/(-10) - (-609)/35. Suppose -s = -m + 38. What are the prime factors of m?
2, 7
Let k(u) = -2*u + 3 + 2 - 2*u**2 + 4*u**2 - 2. Suppose 18*o + 12 = 14*o.